 p = w - t. Calculate the greatest common divisor of p and 7.
7
Suppose -2*g - d + 0 = -27, -5*g + d + 50 = 0. Let m = 18 - g. Let y be (-1 - 0)/((-5)/105). What is the highest common factor of y and m?
7
Suppose 0*n + n - 5 = 0. Suppose 3*m = 4*r - n, -4*r - r + 20 = -m. Suppose -4*s - 6 = -r*s. Calculate the highest common divisor of s and 6.
6
Let o be 3 - (-2 + 1)*1. Let s(v) = -v**3 + 2*v**2 + 2. Let p be s(2). Let b be p - ((-4)/(-1) + -3). Calculate the greatest common factor of o and b.
1
Suppose -5*c + 118 = -2*c + 4*w, 61 = c - 3*w. What is the highest common factor of 184 and c?
46
Let s(o) = o - 10. Let z be s(20). Let w(f) = f + 9. Let v be w(-4). Calculate the highest common factor of v and z.
5
Suppose 4*i - 79 = -5*j - 25, -j - 5*i - 6 = 0. Let m(a) = -a**2 - 5*a - 2. Let l be m(-4). What is the highest common factor of j and l?
2
Let i = -6 + 9. Suppose -3*c + 5*w = -4*c, i*c = w + 32. What is the greatest common divisor of c and 90?
10
Suppose 4*f + f - 100 = 0. Suppose -33 + 21 = -3*v. What is the highest common divisor of f and v?
4
Suppose j + m - 3 = 0, m = 2*j - 4 + 1. Let s = 2 + 2. Suppose -s*a + 4*k - 2 = -58, 5*a + 4*k - 70 = 0. Calculate the highest common factor of j and a.
2
Let p be 0/(-1 - (1 - 0)). Suppose p*c = c - 14. Suppose -2*s = -77 - 175. Calculate the highest common divisor of s and c.
14
Suppose -z + 0 = -3*h + 1, 12 = -4*h - 2*z. Let k be 20 + h + -1 + 2. Suppose -2*b = 2*b - k. Calculate the greatest common factor of b and 5.
5
Suppose -3*b - 1 = -4*a + 4, 0 = 4*a + b - 25. What is the greatest common divisor of a and 40?
5
Let z be (5/10 + 1)/((-6)/(-8)). What is the greatest common divisor of 2 and z?
2
Let n(r) = 2*r + 6910. Let j be n(0). Let d be 2/9 + j/90. Suppose -p + 18 = -5*l - 8, l + 47 = 4*p. Calculate the greatest common divisor of d and p.
11
Let a = 32 - -8. What is the highest common divisor of a and 8?
8
Suppose 0 = -4*a + 6*a + 58. Let x = 52 - -5. Let d = a + x. Calculate the highest common divisor of 4 and d.
4
Let p(z) = 41*z**3 + 4*z - 4. Let s be p(1). What is the greatest common factor of 41 and s?
41
Suppose 3 = v - 2*l, -2*v - 2*l = -l + 9. Let f be v + (0 - -1) + 9. Suppose 0 = -k - 3*k + 56. What is the highest common factor of k and f?
7
Let a be 16/(-3)*(2 + -5). What is the highest common divisor of a and 32?
16
Let j = 0 - 5. Let t = -14 + 22. Let u = j + t. What is the greatest common factor of 9 and u?
3
Suppose 2*u + 8 = -4*p + 6*u, -4 = 2*p + 2*u. Suppose -5*r + 4 = -6. Let t be (1/r)/((-1)/p). What is the highest common factor of t and 4?
1
Suppose 4*o - 572 = -2*z, 3*z + 892 = 5*o + 177. What is the greatest common factor of 13 and o?
13
Let t(i) = -2*i - 1. Let p(v) = 2*v + 3. Let h be p(-2). Let l be t(h). Let f be l/(-3) + 124/12. Calculate the highest common divisor of f and 15.
5
Let a(h) = h**3 - 9*h**2 + 2*h - 4. Let u be a(9). Let k = u - -5. Calculate the greatest common factor of 152 and k.
19
Suppose 3*y - 2*v = 29, -4*v + 50 - 9 = 5*y. Calculate the highest common divisor of 45 and y.
9
Let l(a) = a**2 - 13*a + 17. Let j be l(12). Calculate the highest common divisor of 2 and j.
1
Let l(f) = 3*f**2 - 3*f - 3. Let m be l(6). Let s = 166 - m. Suppose i = 5*v + 2*i - s, i = v - 17. What is the greatest common factor of v and 40?
8
Suppose 4 = -5*h + 54. Suppose z - 4*w - 8 - 7 = 0, 5*w + h = 3*z. Let u(g) = -9*g. Let l be u(z). Calculate the greatest common factor of l and 18.
9
Suppose -3*g = -4*h + h - 132, -2*h = -4*g + 184. Let x(f) = 25*f**2 - 23*f + 22. Let o be x(1). Calculate the greatest common divisor of o and g.
24
Let m(g) = -2*g - 11. Let k be m(-5). Let v be k/(-2)*(5 + 1). Calculate the greatest common factor of 2 and v.
1
Suppose -22 = -5*z + 3*z + w, 57 = 5*z - 3*w. What is the highest common divisor of z and 99?
9
Let h(s) = s**3 - 7*s**2 + s + 8. Suppose -3*p + 3*j - 5*j + 21 = 0, 4*p - 28 = -j. Let a be h(p). What is the highest common factor of a and 75?
15
Let o(r) = r**2 + 3*r + 2. Let y be o(-8). What is the greatest common factor of y and 105?
21
Suppose 0 = 32*u - 33*u + 42. Calculate the greatest common factor of u and 6.
6
Let i = 26 - 5. Suppose -94*t + 93*t + 147 = 0. What is the greatest common factor of i and t?
21
Let b be 2*6 + 2/1. Let p be (-2)/(-3) - 56/21. Let m = 12 - p. What is the highest common divisor of m and b?
14
Suppose 4*k = -26 + 86. Let v = k - -1. What is the greatest common divisor of 40 and v?
8
Let g be 89/2 + (-2)/(-4). What is the greatest common divisor of g and 30?
15
Suppose -5 + 61 = 5*v + o, 3*v + 2*o - 28 = 0. Let b = v - 6. Calculate the greatest common factor of 6 and b.
6
Suppose -l - 6 = 2*l. Let a be (-7 + 1)*3/l. Calculate the greatest common divisor of 81 and a.
9
Let h(d) = d**2 - 2*d - 2. Let b be h(5). Let r(a) = a + 10. Let y be r(0). Let p be 4/(-10) + 524/y. What is the greatest common divisor of b and p?
13
Suppose 3*u = -0*u + 39. Let f = 34 + -21. What is the greatest common divisor of f and u?
13
Let k = -2 + 5. Suppose -k = -2*r + 1. Suppose -2*b - r*b = -792. What is the greatest common factor of 22 and b?
22
Suppose -6*t + 29 = -5*t + 3*m, -29 = -t - m. Let a = t - 20. Suppose 4*h + a = 3*h - 4*g, -2*h + 4*g = -30. Calculate the highest common factor of 35 and h.
7
Let y(u) = 3*u**3 - u**2 + u. Let f be y(2). Suppose 4*j + 3*w = 11, 5*j - 2*w + 4 - 12 = 0. What is the greatest common divisor of f and j?
2
Let z be (-29)/145 - (-402)/10. Calculate the highest common factor of 80 and z.
40
Let h = 6 + -1. Suppose h*n - 3*v - 191 = 39, -5*v = 0. Let c be n/2 + 2 - 1. Calculate the highest common factor of c and 3.
3
Let n = 40 - 26. Calculate the greatest common factor of 14 and n.
14
Let a(j) = 3*j + 27. Let l be a(-8). Let y(r) = -6*r + 3. Let d be y(-3). Calculate the greatest common factor of d and l.
3
Let o = 2 - 0. Suppose 5*r - 34 = -3*j, 5*r + o*j - 11 = 25. Suppose -3*f + 12 = -8*n + 4*n, -3*n - 23 = -4*f. What is the highest common factor of f and r?
8
Let k = 66 - 31. Calculate the highest common factor of 105 and k.
35
Suppose -6*n + 4*n + 90 = 0. Suppose h - 8 - 10 = 0. Calculate the greatest common factor of n and h.
9
Suppose 2*u - 13 = n - 6*n, 4 = u. What is the highest common divisor of 1 and n?
1
Suppose 2*w + 3*b = 14, -4 + 13 = w + 2*b. Let m be (137 - w)/(-3 + 4). Calculate the highest common divisor of m and 17.
17
Let w(m) = m**3 + 7*m**2 - 9*m + 1. Let h be w(-8). Let k(r) = -r**2 + 17*r + 9. Let b be k(9). What is the highest common factor of b and h?
9
Suppose 2*b = 7*b - 245. Let z(s) be the first derivative of 3*s**2/2 + s - 2. Let d be z(2). What is the greatest common factor of d and b?
7
Let d(n) = n**3 - n + 29. Suppose s + 4*s = 0. Let r be d(s). Let v = r - 20. What is the greatest common factor of 27 and v?
9
Let f = 12 - 7. Suppose -308 = -f*k - 88. What is the highest common divisor of k and 4?
4
Let b = -10 - -16. Suppose 0 = -4*x + 2*r + 12, 3*x - x - 8 = 2*r. Let p be ((-33)/(-22))/(x/20). Calculate the highest common divisor of p and b.
3
Let r(m) = 7*m - 5. Suppose 3*d = d + 10. Let s be r(d). Calculate the highest common factor of s and 10.
10
Let x(w) = w**2 + 12*w + 14. Let j be x(-11). Suppose -j*q = -0*q - 63. Calculate the highest common divisor of 14 and q.
7
Let k(j) be the third derivative of -j**4/12 - 4*j**3/3 - 8*j**2. Let x be k(-16). What is the greatest common divisor of 168 and x?
24
Let k(a) = -a**2 - 17*a - 20. Let m be k(-13). Calculate the greatest common factor of 64 and m.
32
Suppose -a - 2*a + 3*h = -126, 2*h = -3*a + 111. What is the greatest common divisor of a and 13?
13
Let k(y) = 11*y - 7. Let c be k(-7). Let p = 120 + c. Suppose 4*j - 8*x = -3*x + 31, -3*j + 29 = 2*x. Calculate the highest common factor of j and p.
9
Let p(k) = -k - 5. Let t be 320/(-56) - (-2)/(-7). Let i be p(t). Calculate the highest common divisor of i and 7.
1
Let u be 45/6 - 1/(-2). What is the greatest common factor of u and 72?
8
Suppose -7*i - 54 = -9*i. What is the greatest common divisor of 18 and i?
9
Suppose 0 = -9*z + 68 - 14. Calculate the greatest common divisor of z and 30.
6
Let h = 134 - 120. Calculate the highest common factor of 4 and h.
2
Suppose q = -2*q + 114. Suppose 2*z = q + 58. What is the highest common f